{"id":3575,"date":"2020-01-20T12:57:22","date_gmt":"2020-01-20T18:57:22","guid":{"rendered":"https:\/\/blogs.iteso.mx\/acm\/?page_id=3575"},"modified":"2026-02-16T13:51:37","modified_gmt":"2026-02-16T19:51:37","slug":"0-concurso-de-programacion-icpc-2","status":"publish","type":"page","link":"https:\/\/eventos.iteso.mx\/acm\/0-concurso-de-programacion-icpc-2\/","title":{"rendered":"0.Concurso de Programaci\u00f3n #ICPC"},"content":{"rendered":"<p style=\"text-align: justify\"><img data-recalc-dims=\"1\" loading=\"lazy\" decoding=\"async\" class=\"aligncenter\" src=\"https:\/\/i0.wp.com\/acm.iteso.mx\/share\/2020_icpc.jpg?resize=630%2C425\" alt=\"\" width=\"630\" height=\"425\" \/><br \/>\nEl <a href=\"https:\/\/icpc.global\/regionals\/abouticpc\">Concurso Internacional de Programaci\u00f3n Universitaria, ICPC<\/a> por sus siglas en ingl\u00e9s, es un concurso de programaci\u00f3n algor\u00edtmica para estudiantes universitarios. Equipos de tres, que representan a su universidad, trabajan para resolver los problemas del mundo real, fomentando la colaboraci\u00f3n, la creatividad, la innovaci\u00f3n y la capacidad de desempe\u00f1arse bajo presi\u00f3n. A trav\u00e9s del entrenamiento y la competencia, los equipos se desaf\u00edan entre s\u00ed para elevar el nivel de lo posible. En pocas palabras, es el Concurso de Programaci\u00f3n m\u00e1s antiguo, m\u00e1s grande y m\u00e1s prestigioso del mundo.<\/p>\n<p>El ICPC presenta varios niveles de competencia:<br \/>\n<a href=\"https:\/\/eventos.iteso.mx\/acm\/1-primera-fase-granpremiomx\/\">Concursos Locales<\/a><br \/>\n<a href=\"https:\/\/eventos.iteso.mx\/acm\/2-segunda-fase-eliminatoria-regional-icpcmx\/\">Concursos Regionales<\/a><br \/>\n<a href=\"https:\/\/eventos.iteso.mx\/acm\/3-tercera-fase-campeonato-regional-latamregionalchampionship\/\">Campeonatos Regionales<\/a><br \/>\n<a href=\"https:\/\/icpc.global\">La Final Mundial<\/a><\/p>\n","protected":false},"excerpt":{"rendered":"<p>El Concurso Internacional de Programaci\u00f3n Universitaria, ICPC por sus siglas en ingl\u00e9s, es un concurso de programaci\u00f3n algor\u00edtmica para estudiantes universitarios. Equipos de tres, que representan a su universidad, trabajan para resolver los problemas del mundo real, fomentando la colaboraci\u00f3n, la creatividad, la innovaci\u00f3n y la capacidad de desempe\u00f1arse bajo presi\u00f3n. A trav\u00e9s del entrenamiento &hellip; <a href=\"https:\/\/eventos.iteso.mx\/acm\/0-concurso-de-programacion-icpc-2\/\" class=\"more-link\">Continuar leyendo<span class=\"screen-reader-text\"> \u00ab0.Concurso de Programaci\u00f3n #ICPC\u00bb<\/span><\/a><\/p>\n","protected":false},"author":18,"featured_media":0,"parent":0,"menu_order":0,"comment_status":"closed","ping_status":"closed","template":"","meta":{"footnotes":""},"class_list":["post-3575","page","type-page","status-publish","hentry"],"jetpack-related-posts":[],"jetpack_sharing_enabled":true,"_links":{"self":[{"href":"https:\/\/eventos.iteso.mx\/acm\/wp-json\/wp\/v2\/pages\/3575","targetHints":{"allow":["GET"]}}],"collection":[{"href":"https:\/\/eventos.iteso.mx\/acm\/wp-json\/wp\/v2\/pages"}],"about":[{"href":"https:\/\/eventos.iteso.mx\/acm\/wp-json\/wp\/v2\/types\/page"}],"author":[{"embeddable":true,"href":"https:\/\/eventos.iteso.mx\/acm\/wp-json\/wp\/v2\/users\/18"}],"replies":[{"embeddable":true,"href":"https:\/\/eventos.iteso.mx\/acm\/wp-json\/wp\/v2\/comments?post=3575"}],"version-history":[{"count":25,"href":"https:\/\/eventos.iteso.mx\/acm\/wp-json\/wp\/v2\/pages\/3575\/revisions"}],"predecessor-version":[{"id":4576,"href":"https:\/\/eventos.iteso.mx\/acm\/wp-json\/wp\/v2\/pages\/3575\/revisions\/4576"}],"wp:attachment":[{"href":"https:\/\/eventos.iteso.mx\/acm\/wp-json\/wp\/v2\/media?parent=3575"}],"curies":[{"name":"wp","href":"https:\/\/api.w.org\/{rel}","templated":true}]}}